-14 - -14) + (-2 - 3).
13
What is 2 + -31 + -1 + 19?
-11
What is (-21 - -5) + 3 + -3 + 11 + -3?
-8
Evaluate 10 - (6 + (6 - 7) + 31 - 6).
-20
Evaluate -34 + 46 + -20 + -3.
-11
What is -24 - (21 + -26 + 2)?
-21
-13 + (0 + 4 - -9)
0
What is the value of (-8 + (4 - -7) - 8) + 9 + -23?
-19
(17 - 37) + 16 + (10 - 1)
5
-37 - (20 - 30) - -21
-6
-5 + ((2 - -13) + -13 - -7)
4
What is the value of -8 - (-1 - 0 - (-35 - -40))?
-2
What is the value of (-4 - 0) + 10 + 0 + 1 + -9?
-2
What is 4 + (5 - 11 - 8)?
-10
What is 17 + 14 + -14 + -8 + 2?
11
Calculate 29 - 5 - (-39 - -55).
8
-10 - (8 + -7 + -9 - 12)
10
What is the value of -10 - 0 - (181 - 179)?
-12
Calculate -9 - (7 - 15 - -1 - -3).
-5
What is -2 + (7 - (13 - 8 - -4))?
-4
What is the value of 7 + (9 - (-7 + (-6 - -7) + 3))?
19
Calculate 0 + 5 + 32 + -15 + -31.
-9
What is the value of -3 + 3 + 24 + -10?
14
3 + (-2 - -15 - 12)
4
2 + 4 + -100 + 79
-15
What is the value of (48 - (42 - 11)) + -40?
-23
(-21 - -27 - 17) + -12
-23
What is 8 + 5 - 11 - 1?
1
What is the value of (7 - 5) + -3 + -12?
-13
Calculate 36 + (24 + -13 - 24).
23
-8 - (-11 + 3 + (-4 - -16 - -6))
-18
What is the value of 21 + (36 - 28 - 6)?
23
Calculate 12 + (0 - (7 - -4) - -4).
5
Evaluate (-3 - 0 - -1) + (7 - 1 - 3).
1
What is the value of 188 + -184 + 2 + -1 + 1?
6
What is 5 + (3 - 32) + (74 - 59)?
-9
What is -5 + (-16 - -14) + (7 - 8) + -4?
-12
What is the value of 14 + (-18 - -9) - (-1 + 8)?
-2
What is the value of -8 + 2 + 28 + (-6 - 3)?
13
Evaluate 2 - (7 - 11) - (-3 + 1).
8
What is -3 - -8 - 0 - 3 - (109 + -127)?
20
What is -14 - (-9 - (-6 - (6 + (-11 - -8))))?
-14
What is the value of -18 + 8 + (8 - 2) + (-16 - -5)?
-15
Calculate 1 - 2 - (-5 + 9 + 6 + -6).
-5
What is the value of -1 + -29 + 69 + -22?
17
What is 8 + 1 + 0 + 1 - 5?
5
-3 + -2 - 3 - (-15 + 8) - 0
-1
What is the value of 50 - (-1 + (-21 - -41))?
31
-7 - 7 - (-6 - (-7 + -2 - -5))
-12
Calculate 4 + 13 + -20 - (2 + -15 + 5).
5
(0 - 4) + (-73 - -74) - 6 - 4
-13
What is (-26 - -28) + (2 - (2 + -1 + 2))?
1
Calculate 10 + 4 + -8 + (2 - (1 - -3)).
4
What is the value of (-13 - (9 - 34)) + 9 + -17?
4
Evaluate -26 + (0 - (-19 + (-10 - -22))).
-19
What is the value of (-26 - (27 - 80)) + -27?
0
What is the value of 11 + -7 - -1 - 4?
1
-18 + (-28 + 55 - -5)
14
14 - (19 - (27 - 20))
2
Evaluate 7 - (19 + -24 + (2 - -1)).
9
-28 - (-7 - 8) - -31
18
Evaluate 15 + (-10 - -5) + (2 - 3) - 16.
-7
Evaluate (-16 - -9) + 4 + -5 - 9.
-17
What is the value of -80 + 81 - (-1 + 25) - -10?
-13
What is the value of (282 - 284) + (2 - (4 - -2))?
-6
Calculate -3 - (5 + -3 - -4 - 17).
8
What is 716 + -718 + (1 - 21)?
-22
Calculate (-1098 - -1095) + (-1 - 1) + -34.
-39
Evaluate -16 + 14 + 24 + (-11 - -3 - -4).
18
Evaluate 7 - (-24 + (25 - -16)).
-10
Calculate -502 + 487 - (0 + -31).
16
-17 - -1 - (-7 + (-5 - -6) + 1)
-11
What is the value of 11 + -33 - (-17 + 5)?
-10
Calculate -1 + (-4 - -8) + 6.
9
What is the value of -41 + 37 - -11 - (42 - 4)?
-31
What is the value of -3 - -10 - (10 - -4) - 6?
-13
What is the value of (-6 - (-18 - -8)) + -10 - 2?
-8
1 + -12 + (-4 - (-10 + -6)) + -10
-9
(-5 - 1) + -44 + 59 + 1 - -6
16
Calculate -4 + -1 + -13 + 21 + 0.
3
What is 16 + (-7 - -2 - 3) - (30 - 1)?
-21
What is the value of 1 - (7 - (11 + -1) - 10)?
14
What is -9 + -10 + 7 - -6?
-6
7 + (9 - (1 - -7))
8
What is the value of -35 + 3 + 5 - -45?
18
Evaluate (20 - 57) + 35 - (3 - -22).
-27
Calculate (-18 - -28) + 2 + 0 + -29.
-17
Evaluate 22 + (-20 + 7 - 3).
6
What is 10 + 4 + (-6 - 2) - -3?
9
What is the value of 3 - -1 - (22 + -20)?
2
What is the value of (-13 - -4 - -1) + 6?
-2
Evaluate -7 - 3 - (12 - (12 - -5)).
-5
Calculate -2 + -6 - 11 - -24.
5
Calculate -1 - 1 - (-47 - -50).
-5
(-10 - -2) + (15 - -21 - 30)
-2
Evaluate -29 - (-15 + 6 + (-8 - 3) + 8).
-17
What is 9 + -4 + 4 + (24 - 32 - -7)?
8
Evaluate 31 + -15 + (-1 - (-2 - -10)).
7
Evaluate -1 + (-9 + 4 + -2 + 8 - -4).
4
Evaluate -6 - (-7 + (4 + 1 - (-15 + 2))).
-17
What is the value of (-3 - -3 - 1) + 59 + -22 + -7?
29
Evaluate -30 + 27 - (2 - (-3 + 7 - 3)).
-4
Evaluate (-10 - -9) + -8 + 13 + 1 + -5.
0
Evaluate 2 + -12 + (-6 - -5).
-11
What is the value of -17 + (5 - -11 - 5)?
-6
(0 - -1) + 5 + -4 + -1 + -17
-16
Calculate -19 + (-3 - 4 - -13) - -1 - -6.
-6
Evaluate -24 + 1 + 22 - (3 - -9).
-13
Calculate 23 - 5 - 10 - 18.
-10
Calculate -6 - (17 + -45 + (-1 - -4 - -4)).
15
Calculate -43 - (-46 - (-17 - -3)).
-11
Evaluate 45 - (-14 - -10 - (-32 - -15)).
32
What is -7 + (-20 - -64 - (-1 + 5))?
33
What is the value of 2 - (-22 + (30 - 15) - -4)?
5
What is 5 + (-23 - (-31 + 35))?
-22
What is the value of -35 - -20 - -9 - (-1 + -8)?
3
(8 - 0) + -47 + (-1 - -50)
10
Evaluate 2 - ((-4 - -1) + 12) - (91 + -116).
18
What is the value of 1 - (-24 - (2 - 7) - -10)?
10
Calculate -2 - (-18 - -14) - -3 - (13 + 0).
-8
What is (-1 - (-6 + 3)) + 9 + -15 + 5?
1
Evaluate -7 + (19 - 6) - 1.
5
What is (19 - 9 - 7) + (-5 - -8) + -9?
-3
What is (0 - (2 - (4 + 8))) + -1 + 0?
9
Evaluate -8 + (-14 - -58) - 64.
-28
What is 17 - (1 - (-8 - -2)) - -7?
17
Evaluate 7 + -23 + 13 - -9.
6
What is the value of 592 - 591 - (-1 + -11)?
13
Evaluate 15 - (0 - -2 - (18 + -21)).
10
What is 3 + 8 - 0 - (-8 + (7 - -7))?
5
12 + (62 - 38 - 28)
8
13 + -7 + -20 + 9 + (-1 - -14)
8
What is -22 - (6 + -13) - (12 - 56)?
29
Evaluate -13 - (8 + (-27 - -3) + -7).
10
780 + -826 - (-12 + 1 + -1)
-34
Calculate 14 - 0 - (49 + (-45 - 8)).
18
Evaluate 249 + -240 - (11 - ((-2 - -6) + -3)).
-1
(1 - -18 - (-54 - -56)) + -7
10
What is the value of 35 + 28 + -52 - 21?
-10
Calculate 46 + -41 - (5 - -7).
-7
-11 + (5 - (-23 - -13))
4
What is the value of 0 + -2 + (-14 - -21 - 13)?
-8
-9 + -11 + 23 + -27
-24
Calculate -16 + (-27 - -14 - -19).
-10
What is the value of (41 + -35 + (1 - 3) - 5) + -5?
-6
What is (-11 - -10 - -7) + -6 + 5?
5
What is the value of 13 - (11 - (27 + -29))?
0
What is (57 - (10 + 4)) + -23?
20
(30 + -8 - -2) + -19
5
Evaluate (-1 - -6 - (19 + 4)) + 4 + -1.
-15
Evaluate -44 + 57 + (25 - -1).
39
-3 + 19 - (17 + (-10 - 4))
13
9 + 13 - -4 - 6
20
What is (17 - (4 - -7) - (11 - 2)) + -2?
-5
What is the value of -19 + 12 + -14 - -12?
-9
What is 14 - (25 + -10) - (0 - 8)?
7
What is the value of (-6 - -17) + -7 + 13 + 2 + -9?
10
What is the value of (-15 - -24) + -9 + -2 + 9?
7
What is (-13 - -16) + -17 - (21 + -6)?
-29
What is the value of 14 - (8 + 3 + (-11 - -5))?
9
Evaluate 25 + (1 - 22) - -9.
13
What is -9 + -1 + (-6 + 2 - -6) - 2?
-10
What is (10 - (3 + -1)) + -13 + 1?
-4
Calculate 11 + -27 - -18 - -5.
7
What is -2 + (3 - (10 + -1))?
-8
(-25 - -59 - 48) + (12 - -1)
-1
What is the value of 6 + 0 + 10 + -13 + 13 + -1?
15
(-10 - ((-15 - -7) + 1)) + 6
3
What is the value of (-88 - -86) + (0 - (2 + 1 + -5))?
0
Evaluate 12 + -10 + (-7 - -10) + -3 - 15.
-13
What is -2 - 3 - (-23 + -9 + 18 - -4)?
5
Evaluate 42 - 55 - (-3 - -3) - -30.
17
Calculate 14 - (20 + -23) - 12.
5
Calculate -1 + (8 - -1 - -8) + -17.
-1
What is (-12 - 1) + (78 - 56)?
9
What is (-3 - -8) + -1 + -8 + 11 + -3?
4
What is 17 + -36 + (7 - (0 + 1))?
-13
What is the value of 658 + -619 - (2 - (-5 - 2 - 2))?
28
19 - (5 + -5 - -9)
10
What is -3 + -15 - (7 - (7 - -5))?
-13
Calculate 71 + -76 - (-13 - 2).
10
What is -13 + (1 - -5) + -2 - -9?
0
(-7 - 1) + (-29 - -43) - (4 + 0)
2
Calculate (1 - 8 - (-20 - -19)) + 16 + -1.
9
Evaluate -24 - -12 - -5 - -16.
9
-15 + -6 + (37 - 3)
13
What is the value of 15 - (-19 + 3 + 12)?
19
What is (-1 - (5 - (6 + 3 + -2))) + 6?
7
What is -1 + -2 + -2 - (-4 - 5)?
4
What is the value of (18 - -36) + -53 + (0 - 10)?
-9
What is the value of 4 - (1 + -8) - (10 + 22 + 7)?
-28
-8 + (47 - -9) + -28
20
What is the value of 19 - (7 + 31 + -13)?
-6
Evaluate 9 + (-9 - 3) + -7 + 3.
-7
(36 - 1) + -106 + 89
18
What is -14 + (-3 - -18) + -3?
-2
Evaluate (1 + -8 - (-6 - -6)) + 13 - -8.
14
What is (-4 - ((2 - 4) + 5)) + -8 + 0?
-15
11 + (-2 - (-16 + 7 + -4))
22
Evaluate 0 - (-2 + 6 + 1 + 3).
-8
-6 + (-5 - -2 - 0) + 2
-7
What is the value of -1 + -4 + (51 - (45 + -5))?
6
What is the value of (12 - 59 - -26) + 34?
13
What is -7 - ((-37 - -32) + 7 + (-4 - 1))?
-4
What is the value of 17 - (-6 - (-35 + 0))?
-12
(2 - 4) + (6 - 4) - -6
6
-9 + (0 + 38 - 17)
12
What is -1 + 2 + (20 + -10 - 10)?
1
22 + (-5 - -12 - 6 - (-14 - -19))
18
(-17 - (11 +